 2543
List the prime factors of 7481711.
61, 122651
List the prime factors of 6478324.
2, 71, 22811
What are the prime factors of 3022397?
7, 41, 10531
List the prime factors of 383986.
2, 37, 5189
What are the prime factors of 404750?
2, 5, 1619
List the prime factors of 123603.
3, 41201
What are the prime factors of 844851?
3, 7, 40231
What are the prime factors of 540589?
7, 29, 2663
List the prime factors of 14870039.
14870039
List the prime factors of 131266.
2, 65633
What are the prime factors of 6595573?
6595573
What are the prime factors of 80929?
80929
List the prime factors of 306459.
3, 17, 2003
What are the prime factors of 1805236?
2, 451309
List the prime factors of 212357.
73, 2909
What are the prime factors of 6683486?
2, 3341743
What are the prime factors of 1650158?
2, 23, 29, 1237
List the prime factors of 12499999.
12499999
What are the prime factors of 467233?
13, 127, 283
List the prime factors of 1397507.
19, 73553
List the prime factors of 233286.
2, 3, 59, 659
List the prime factors of 3345117.
3, 31, 35969
List the prime factors of 161529.
3, 23, 2341
List the prime factors of 22438861.
17, 1319933
List the prime factors of 249123.
3, 7, 11863
What are the prime factors of 172850?
2, 5, 3457
List the prime factors of 735791.
7, 257, 409
List the prime factors of 10041215.
5, 19, 5563
List the prime factors of 176735.
5, 13, 2719
List the prime factors of 597494.
2, 23, 31, 419
List the prime factors of 22958601.
3, 293, 26119
List the prime factors of 4326331.
107, 40433
What are the prime factors of 1584319?
11, 73, 1973
List the prime factors of 104080.
2, 5, 1301
List the prime factors of 5222.
2, 7, 373
List the prime factors of 4341870.
2, 3, 5, 13, 1237
List the prime factors of 16147877.
16147877
List the prime factors of 752304.
2, 3, 7, 2239
What are the prime factors of 73974?
2, 3, 12329
What are the prime factors of 2742835?
5, 548567
List the prime factors of 900730.
2, 5, 90073
What are the prime factors of 117562?
2, 43, 1367
What are the prime factors of 31368532?
2, 13, 719, 839
What are the prime factors of 6486030?
2, 3, 5, 19, 3793
List the prime factors of 4892051.
4892051
What are the prime factors of 3672528?
2, 3, 76511
List the prime factors of 591019.
11, 13, 4133
What are the prime factors of 201412?
2, 43, 1171
List the prime factors of 8618160.
2, 3, 5, 149, 241
List the prime factors of 880574.
2, 19, 23173
List the prime factors of 1497464.
2, 37, 5059
What are the prime factors of 8192457?
3, 7, 13, 1429
What are the prime factors of 213877?
17, 23, 547
List the prime factors of 14281466.
2, 7140733
What are the prime factors of 239036?
2, 7, 8537
List the prime factors of 635021.
635021
List the prime factors of 2517799.
2517799
What are the prime factors of 10534782?
2, 3, 23, 97, 787
List the prime factors of 40851044.
2, 13, 785597
List the prime factors of 189790.
2, 5, 18979
What are the prime factors of 648964?
2, 19, 8539
List the prime factors of 1909637.
1909637
What are the prime factors of 3107198?
2, 727, 2137
List the prime factors of 949494.
2, 3, 7, 13, 37, 47
What are the prime factors of 9615762?
2, 3, 13, 29, 109
What are the prime factors of 1802371?
31, 53, 1097
What are the prime factors of 36198389?
17, 23, 43, 2153
What are the prime factors of 649511?
649511
What are the prime factors of 693356?
2, 97, 1787
What are the prime factors of 10770397?
11, 19, 29, 1777
What are the prime factors of 319644?
2, 3, 13, 683
What are the prime factors of 156659?
156659
What are the prime factors of 148838?
2, 74419
What are the prime factors of 115845?
3, 5, 7723
What are the prime factors of 390869?
390869
List the prime factors of 1185082.
2, 73, 8117
List the prime factors of 10495870.
2, 5, 7, 11, 43, 317
List the prime factors of 685021.
277, 2473
What are the prime factors of 1271407?
349, 3643
What are the prime factors of 871110?
2, 3, 5, 9679
What are the prime factors of 230758?
2, 11, 17, 617
What are the prime factors of 255470?
2, 5, 59, 433
What are the prime factors of 217629?
3, 24181
List the prime factors of 107592.
2, 3, 4483
List the prime factors of 2707160.
2, 5, 67679
What are the prime factors of 253103?
253103
What are the prime factors of 197397?
3, 2437
What are the prime factors of 20521030?
2, 5, 73, 28111
List the prime factors of 328313.
569, 577
List the prime factors of 8892968.
2, 7, 158803
List the prime factors of 1204860.
2, 3, 5, 43, 467
List the prime factors of 15228644.
2, 673, 5657
List the prime factors of 6206809.
7, 547, 1621
What are the prime factors of 1609864?
2, 201233
What are the prime factors of 262518?
2, 3, 43753
List the prime factors of 157499.
29, 5431
What are the prime factors of 24865077?
3, 97, 85447
List the prime factors of 176154.
2, 3, 11, 17, 157
What are the prime factors of 984419?
17, 79, 733
What are the prime factors of 1872462?
2, 3, 31, 10067
What are the prime factors of 88683?
3, 7, 41, 103
List the prime factors of 19307059.
19, 101, 10061
List the prime factors of 1424328.
2, 3, 17, 3491
List the prime factors of 7922426.
2, 3961213
List the prime factors of 889523.
19, 46817
What are the prime factors of 973444?
2, 397, 613
List the prime factors of 68946.
2, 3, 11491
What are the prime factors of 551851?
239, 2309
What are the prime factors of 9525860?
2, 5, 263, 1811
List the prime factors of 35893937.
277, 129581
What are the prime factors of 4141012?
2, 19, 23, 103
List the prime factors of 128934.
2, 3, 13, 19, 29
What are the prime factors of 186968?
2, 23371
List the prime factors of 10915656.
2, 3, 47, 9677
What are the prime factors of 35581?
7, 13, 17, 23
List the prime factors of 9150268.
2, 89, 25703
List the prime factors of 25529167.
439, 58153
What are the prime factors of 9850?
2, 5, 197
What are the prime factors of 14940?
2, 3, 5, 83
List the prime factors of 1030886.
2, 709, 727
What are the prime factors of 11263897?
11263897
List the prime factors of 161107.
31, 5197
List the prime factors of 34228212.
2, 3, 2852351
List the prime factors of 1338471.
3, 89, 557
What are the prime factors of 4257871?
17, 47, 73
What are the prime factors of 3018626?
2, 13, 116101
List the prime factors of 73849.
73849
List the prime factors of 173522.
2, 53, 1637
List the prime factors of 16975.
5, 7, 97
What are the prime factors of 242777?
17, 14281
List the prime factors of 412303.
412303
What are the prime factors of 414385?
5, 179, 463
What are the prime factors of 9622647?
3, 1069183
What are the prime factors of 2417831?
13, 185987
What are the prime factors of 530073?
3, 58897
List the prime factors of 18927.
3, 701
What are the prime factors of 29180087?
37, 788651
List the prime factors of 1139507.
83, 13729
List the prime factors of 9010943.
37, 243539
What are the prime factors of 11407391?
17, 19, 35317
What are the prime factors of 903953?
83, 10891
List the prime factors of 74166.
2, 3, 47, 263
What are the prime factors of 1557505?
5, 181, 1721
What are the prime factors of 1318598?
2, 659299
List the prime factors of 5948392.
2, 743549
List the prime factors of 12362292.
2, 3, 37, 9281
List the prime factors of 6145754.
2, 691, 4447
What are the prime factors of 4415354?
2, 2207677
What are the prime factors of 261786?
2, 3, 7, 23, 271
List the prime factors of 3105431.
7, 47, 9439
What are the prime factors of 3642447?
3, 97, 12517
What are the prime factors of 25389014?
2, 7, 53, 34217
List the prime factors of 312134.
2, 239, 653
What are the prime factors of 18991003?
31, 612613
What are the prime factors of 57460?
2, 5, 13, 17
What are the prime factors of 2078737?
1117, 1861
What are the prime factors of 215985?
3, 5, 7, 11, 17
What are the prime factors of 128293?
11, 107, 109
List the prime factors of 712949.
41, 17389
List the prime factors of 4077394.
2, 23, 137, 647
List the prime factors of 2116230.
2, 3, 5, 23, 3067
What are the prime factors of 28953712?
2, 103, 17569
What are the prime factors of 84323?
37, 43, 53
List the prime factors of 6019608.
2, 3, 7, 35831
List the prime factors of 67793.
11, 6163
List the prime factors of 343883.
31, 11093
What are the prime factors of 2604212?
2, 13, 61, 821
List the prime factors of 917895.
3, 5, 11, 5563
List th